{"id":650,"date":"2014-10-02T17:17:33","date_gmt":"2014-10-02T16:17:33","guid":{"rendered":"http:\/\/bergkumpels.de\/?page_id=650"},"modified":"2014-10-05T12:14:10","modified_gmt":"2014-10-05T11:14:10","slug":"huetten","status":"publish","type":"page","link":"https:\/\/bergkumpels.de\/?page_id=650","title":{"rendered":"H\u00fctten"},"content":{"rendered":"<p>Hier kommen Bewertungen von alle H\u00fctten die wir bisher auf unsere H\u00fcttentouren besucht haben. Naturlich sind die Bewertungen subjektiv, eure Meinung ist willkommen, hinterlasse ein Kommentar\u2026<\/p>\n<p><strong><span style=\"font-size: 200%;\"><a title=\"Watzmanntour 2008\" href=\"http:\/\/bergkumpels.de\/?page_id=673\">Watzmanntour 2008<\/a><\/span><\/strong><br \/>\nWatzmannhaus &#8211; Wimbachgriesh\u00fctte &#8211; K\u00e4rlingerhaus<\/p>\n<p><strong><a title=\"Karwendel 2009\" href=\"http:\/\/bergkumpels.de\/?page_id=680\">Karwendel 2009<\/a><\/strong><br \/>\nPleisenh\u00fctte &#8211; Karwendelhaus &#8211; Hochlandh\u00fctte . Mittenwalder H\u00fctte &#8211; Brunnsteinh\u00fctte<\/p>\n<p><strong><a title=\"Allg\u00e4uer Alpen 2010\" href=\"http:\/\/bergkumpels.de\/?page_id=685\">Allg\u00e4uer Alpen 2010<\/a><\/strong><br \/>\nBerghaus Sch\u00f6nblick &#8211; Fiderepassh\u00fctte &#8211; Mindelheimer H\u00fctte &#8211; Rappenseeh\u00fctte &#8211; Kemptner H\u00fctte<\/p>\n<p><strong><a title=\"Stubaier H\u00f6henweg 2011\" href=\"http:\/\/bergkumpels.de\/?page_id=694\">Stubaier H\u00f6henweg 2011<\/a><\/strong><br \/>\nStarkenburger H\u00fctte &#8211; Seducker Hochalm &#8211; Neue Regensburger H\u00fctte &#8211; Dresdner H\u00fctte &#8211; Sulzenauh\u00fctte<\/p>\n<p><strong><a title=\"Kaisergebirge 2012\" href=\"http:\/\/bergkumpels.de\/?page_id=696\">Kaisergebirge 2012<\/a><\/strong><br \/>\nVorderkaiserfeldenh\u00fctte &#8211; Stripsenjochhaus &#8211; Gruttenh\u00fctte &#8211; Anton-Karg-Haus &#8211; Kaindlh\u00fctte<\/p>\n<p><strong><a title=\"Tannheimer Gebirge 2013\" href=\"http:\/\/bergkumpels.de\/?page_id=699\">Tannheimer Gebirge 2013<\/a><\/strong><br \/>\nBad Kissinger H\u00fctte &#8211; Otto-Mayr-H\u00fctte &#8211; Tannheimer H\u00fctte<\/p>\n<p><strong><a title=\"Chiemgauer Runde 2014\" href=\"http:\/\/bergkumpels.de\/?page_id=708\">Chiemgauer Runde 2014<\/a><\/strong><br \/>\nSonnenAlm &#8211; Priener H\u00fctte &#8211; Spitzsteinhaus &#8211; Hochriesh\u00fctte<\/p>\n","protected":false},"excerpt":{"rendered":"<p>Hier kommen Bewertungen von alle H\u00fctten die wir bisher auf unsere H\u00fcttentouren besucht haben. Naturlich sind die Bewertungen subjektiv, eure Meinung ist willkommen, hinterlasse ein Kommentar\u2026 Watzmanntour 2008 Watzmannhaus &#8211; Wimbachgriesh\u00fctte &#8211; K\u00e4rlingerhaus Karwendel 2009 Pleisenh\u00fctte &#8211; Karwendelhaus &#8211; Hochlandh\u00fctte &hellip; <a href=\"https:\/\/bergkumpels.de\/?page_id=650\">Weiterlesen <span class=\"meta-nav\">&rarr;<\/span><\/a><\/p>\n","protected":false},"author":1,"featured_media":0,"parent":0,"menu_order":2,"comment_status":"open","ping_status":"open","template":"","meta":[],"_links":{"self":[{"href":"https:\/\/bergkumpels.de\/index.php?rest_route=\/wp\/v2\/pages\/650"}],"collection":[{"href":"https:\/\/bergkumpels.de\/index.php?rest_route=\/wp\/v2\/pages"}],"about":[{"href":"https:\/\/bergkumpels.de\/index.php?rest_route=\/wp\/v2\/types\/page"}],"author":[{"embeddable":true,"href":"https:\/\/bergkumpels.de\/index.php?rest_route=\/wp\/v2\/users\/1"}],"replies":[{"embeddable":true,"href":"https:\/\/bergkumpels.de\/index.php?rest_route=%2Fwp%2Fv2%2Fcomments&post=650"}],"version-history":[{"count":18,"href":"https:\/\/bergkumpels.de\/index.php?rest_route=\/wp\/v2\/pages\/650\/revisions"}],"predecessor-version":[{"id":711,"href":"https:\/\/bergkumpels.de\/index.php?rest_route=\/wp\/v2\/pages\/650\/revisions\/711"}],"wp:attachment":[{"href":"https:\/\/bergkumpels.de\/index.php?rest_route=%2Fwp%2Fv2%2Fmedia&parent=650"}],"curies":[{"name":"wp","href":"https:\/\/api.w.org\/{rel}","templated":true}]}}