{"id":694,"date":"2014-10-03T17:00:31","date_gmt":"2014-10-03T16:00:31","guid":{"rendered":"http:\/\/bergkumpels.de\/?page_id=694"},"modified":"2014-10-06T17:10:43","modified_gmt":"2014-10-06T16:10:43","slug":"stubaier-hoehenweg-2011","status":"publish","type":"page","link":"https:\/\/bergkumpels.de\/?page_id=694","title":{"rendered":"Stubaier H\u00f6henweg 2011"},"content":{"rendered":"<p style=\"text-align: center;\"><span style=\"font-size: 200%;\"><a href=\"http:\/\/bergkumpels.de\/wp-content\/uploads\/2014\/10\/huetten_starkenburger-huette.png\"><img loading=\"lazy\" class=\"alignnone wp-image-744 size-medium\" src=\"http:\/\/bergkumpels.de\/wp-content\/uploads\/2014\/10\/huetten_starkenburger-huette-233x300.png\" alt=\"\" width=\"233\" height=\"300\" srcset=\"https:\/\/bergkumpels.de\/wp-content\/uploads\/2014\/10\/huetten_starkenburger-huette-233x300.png 233w, https:\/\/bergkumpels.de\/wp-content\/uploads\/2014\/10\/huetten_starkenburger-huette.png 350w\" sizes=\"(max-width: 233px) 100vw, 233px\" \/><\/a><\/span><\/p>\n<p><span style=\"font-size: 200%;\">Starkenburger H\u00fctte <\/span> (2.229m)<br \/>\n13.08.2011<\/p>\n<p style=\"text-align: right;\"><img loading=\"lazy\" class=\"alignnone wp-image-660 size-full\" src=\"http:\/\/bergkumpels.de\/wp-content\/uploads\/2014\/10\/huetten_wertung3.png\" alt=\"huetten_wertung3\" width=\"200\" height=\"55\" \/><\/p>\n<hr \/>\n<p style=\"text-align: center;\"><span style=\"font-size: 200%;\"><a href=\"http:\/\/bergkumpels.de\/wp-content\/uploads\/2014\/10\/huetten_Platzhalter.png\"><img loading=\"lazy\" class=\"alignnone wp-image-675 size-medium\" src=\"http:\/\/bergkumpels.de\/wp-content\/uploads\/2014\/10\/huetten_Platzhalter-233x300.png\" alt=\"H\u00fctten_Platzhalter\" width=\"233\" height=\"300\" srcset=\"https:\/\/bergkumpels.de\/wp-content\/uploads\/2014\/10\/huetten_Platzhalter-233x300.png 233w, https:\/\/bergkumpels.de\/wp-content\/uploads\/2014\/10\/huetten_Platzhalter.png 350w\" sizes=\"(max-width: 233px) 100vw, 233px\" \/><\/a><\/span><\/p>\n<p><span style=\"font-size: 200%;\">Seducker Hochalm<\/span> (2.286m)<br \/>\n14.08.2011<\/p>\n<p style=\"text-align: right;\">Gem\u00fctlichkeit: <img loading=\"lazy\" class=\"alignnone wp-image-660 size-full\" src=\"http:\/\/bergkumpels.de\/wp-content\/uploads\/2014\/10\/huetten_wertung4.png\" alt=\"huetten_wertung4\" width=\"200\" height=\"55\" \/><\/p>\n<p style=\"text-align: right;\">Sauberkeit &amp; Preis-Leistung: <img loading=\"lazy\" class=\"alignnone wp-image-660 size-full\" src=\"http:\/\/bergkumpels.de\/wp-content\/uploads\/2014\/10\/huetten_wertung1.png\" alt=\"huetten_wertung4\" width=\"200\" height=\"55\" \/><\/p>\n<hr \/>\n<p style=\"text-align: center;\"><span style=\"font-size: 200%;\"><a href=\"http:\/\/bergkumpels.de\/wp-content\/uploads\/2014\/10\/huetten_Platzhalter.png\"><img loading=\"lazy\" class=\"alignnone wp-image-675 size-medium\" src=\"http:\/\/bergkumpels.de\/wp-content\/uploads\/2014\/10\/huetten_Platzhalter-233x300.png\" alt=\"H\u00fctten_Platzhalter\" width=\"233\" height=\"300\" srcset=\"https:\/\/bergkumpels.de\/wp-content\/uploads\/2014\/10\/huetten_Platzhalter-233x300.png 233w, https:\/\/bergkumpels.de\/wp-content\/uploads\/2014\/10\/huetten_Platzhalter.png 350w\" sizes=\"(max-width: 233px) 100vw, 233px\" \/><\/a><\/span><\/p>\n<p><span style=\"font-size: 200%;\">Neue Regensburger H\u00fctte<\/span> (2.286m)<br \/>\n15.08.2011<\/p>\n<p style=\"text-align: right;\"><img loading=\"lazy\" class=\"alignnone wp-image-660 size-full\" src=\"http:\/\/bergkumpels.de\/wp-content\/uploads\/2014\/10\/huetten_wertung3.png\" alt=\"huetten_wertung3\" width=\"200\" height=\"55\" \/><\/p>\n<hr \/>\n<p style=\"text-align: center;\"><span style=\"font-size: 200%;\"><a href=\"http:\/\/bergkumpels.de\/wp-content\/uploads\/2014\/10\/huetten_Platzhalter.png\"><img loading=\"lazy\" class=\"alignnone wp-image-675 size-medium\" src=\"http:\/\/bergkumpels.de\/wp-content\/uploads\/2014\/10\/huetten_Platzhalter-233x300.png\" alt=\"H\u00fctten_Platzhalter\" width=\"233\" height=\"300\" srcset=\"https:\/\/bergkumpels.de\/wp-content\/uploads\/2014\/10\/huetten_Platzhalter-233x300.png 233w, https:\/\/bergkumpels.de\/wp-content\/uploads\/2014\/10\/huetten_Platzhalter.png 350w\" sizes=\"(max-width: 233px) 100vw, 233px\" \/><\/a><\/span><\/p>\n<p><span style=\"font-size: 200%;\">Dresdner H\u00fctte<\/span> (2.308m)<br \/>\n16.08.2011<\/p>\n<p style=\"text-align: right;\"><img loading=\"lazy\" class=\"alignnone wp-image-660 size-full\" src=\"http:\/\/bergkumpels.de\/wp-content\/uploads\/2014\/10\/huetten_wertung5.png\" alt=\"huetten_wertung5\" width=\"200\" height=\"55\" \/><\/p>\n<hr \/>\n<p style=\"text-align: center;\"><span style=\"font-size: 200%;\"><a href=\"http:\/\/bergkumpels.de\/wp-content\/uploads\/2014\/10\/huetten_sulzenauhuette.png\"><img loading=\"lazy\" class=\"alignnone wp-image-747 size-medium\" src=\"http:\/\/bergkumpels.de\/wp-content\/uploads\/2014\/10\/huetten_sulzenauhuette-233x300.png\" alt=\"\" width=\"233\" height=\"300\" srcset=\"https:\/\/bergkumpels.de\/wp-content\/uploads\/2014\/10\/huetten_sulzenauhuette-233x300.png 233w, https:\/\/bergkumpels.de\/wp-content\/uploads\/2014\/10\/huetten_sulzenauhuette.png 350w\" sizes=\"(max-width: 233px) 100vw, 233px\" \/><\/a><\/span><\/p>\n<p><span style=\"font-size: 200%;\">Sulzenauh\u00fctte<\/span> (2.191m)<br \/>\n17.08.2011<\/p>\n<p style=\"text-align: right;\"><a href=\"http:\/\/bergkumpels.de\/wp-content\/uploads\/2014\/10\/huetten_wertung3.png\"><img loading=\"lazy\" class=\"alignnone wp-image-659 size-full\" src=\"http:\/\/bergkumpels.de\/wp-content\/uploads\/2014\/10\/huetten_wertung3.png\" alt=\"\" width=\"200\" height=\"55\" \/><\/a><\/p>\n<hr \/>\n","protected":false},"excerpt":{"rendered":"<p>Starkenburger H\u00fctte (2.229m) 13.08.2011 Seducker Hochalm (2.286m) 14.08.2011 Gem\u00fctlichkeit: Sauberkeit &amp; Preis-Leistung: Neue Regensburger H\u00fctte (2.286m) 15.08.2011 Dresdner H\u00fctte (2.308m) 16.08.2011 Sulzenauh\u00fctte (2.191m) 17.08.2011<\/p>\n","protected":false},"author":1,"featured_media":0,"parent":650,"menu_order":4,"comment_status":"open","ping_status":"open","template":"","meta":[],"_links":{"self":[{"href":"https:\/\/bergkumpels.de\/index.php?rest_route=\/wp\/v2\/pages\/694"}],"collection":[{"href":"https:\/\/bergkumpels.de\/index.php?rest_route=\/wp\/v2\/pages"}],"about":[{"href":"https:\/\/bergkumpels.de\/index.php?rest_route=\/wp\/v2\/types\/page"}],"author":[{"embeddable":true,"href":"https:\/\/bergkumpels.de\/index.php?rest_route=\/wp\/v2\/users\/1"}],"replies":[{"embeddable":true,"href":"https:\/\/bergkumpels.de\/index.php?rest_route=%2Fwp%2Fv2%2Fcomments&post=694"}],"version-history":[{"count":4,"href":"https:\/\/bergkumpels.de\/index.php?rest_route=\/wp\/v2\/pages\/694\/revisions"}],"predecessor-version":[{"id":748,"href":"https:\/\/bergkumpels.de\/index.php?rest_route=\/wp\/v2\/pages\/694\/revisions\/748"}],"up":[{"embeddable":true,"href":"https:\/\/bergkumpels.de\/index.php?rest_route=\/wp\/v2\/pages\/650"}],"wp:attachment":[{"href":"https:\/\/bergkumpels.de\/index.php?rest_route=%2Fwp%2Fv2%2Fmedia&parent=694"}],"curies":[{"name":"wp","href":"https:\/\/api.w.org\/{rel}","templated":true}]}}