{"id":696,"date":"2014-10-03T17:10:06","date_gmt":"2014-10-03T16:10:06","guid":{"rendered":"http:\/\/bergkumpels.de\/?page_id=696"},"modified":"2014-10-05T14:19:15","modified_gmt":"2014-10-05T13:19:15","slug":"kaisergebirge-2012","status":"publish","type":"page","link":"https:\/\/bergkumpels.de\/?page_id=696","title":{"rendered":"Kaisergebirge 2012"},"content":{"rendered":"<p style=\"text-align: center;\"><span style=\"font-size: 200%;\"><a href=\"http:\/\/bergkumpels.de\/wp-content\/uploads\/2014\/10\/huetten_vorderkaiserhuette.png\"><img loading=\"lazy\" class=\"alignnone wp-image-732 size-medium\" src=\"http:\/\/bergkumpels.de\/wp-content\/uploads\/2014\/10\/huetten_vorderkaiserhuette-233x300.png\" alt=\"\" width=\"233\" height=\"300\" srcset=\"https:\/\/bergkumpels.de\/wp-content\/uploads\/2014\/10\/huetten_vorderkaiserhuette-233x300.png 233w, https:\/\/bergkumpels.de\/wp-content\/uploads\/2014\/10\/huetten_vorderkaiserhuette.png 350w\" sizes=\"(max-width: 233px) 100vw, 233px\" \/><\/a><\/span><\/p>\n<p><span style=\"font-size: 200%;\">Vorderkaiserfeldenh\u00fctte<\/span> (1.384m)<br \/>\n25.08.2012<\/p>\n<p>Wir erreichten die H\u00fctte als die erste Tropfen runterkamen. Wir w\u00fcrden im Matratzenlage unter dem Dach gef\u00fchrt. Stehh\u00f6he 1,40m.<\/p>\n<p>Nette bedienung &#8211; ausnahmslos aus Tschechien &#8211; weischdu? Einrichtung der H\u00fctte liebevoll, das Essen lecker\u2026<\/p>\n<p style=\"text-align: right;\"><img loading=\"lazy\" class=\"alignnone wp-image-660 size-full\" src=\"http:\/\/bergkumpels.de\/wp-content\/uploads\/2014\/10\/huetten_wertung3.png\" alt=\"huetten_wertung3\" width=\"200\" height=\"55\" \/><\/p>\n<hr \/>\n<p style=\"text-align: center;\"><a href=\"http:\/\/bergkumpels.de\/wp-content\/uploads\/2014\/10\/huetten_stripsenjochhuette1.png\"><img loading=\"lazy\" class=\"alignnone wp-image-740 size-medium\" src=\"http:\/\/bergkumpels.de\/wp-content\/uploads\/2014\/10\/huetten_stripsenjochhuette1-233x300.png\" alt=\"\" width=\"233\" height=\"300\" srcset=\"https:\/\/bergkumpels.de\/wp-content\/uploads\/2014\/10\/huetten_stripsenjochhuette1-233x300.png 233w, https:\/\/bergkumpels.de\/wp-content\/uploads\/2014\/10\/huetten_stripsenjochhuette1.png 350w\" sizes=\"(max-width: 233px) 100vw, 233px\" \/><\/a><\/p>\n<p><span style=\"font-size: 200%;\">Stripsenjochhaus<\/span> (1.577m)<br \/>\n26.08.2012<\/p>\n<p style=\"text-align: right;\"><img loading=\"lazy\" class=\"alignnone wp-image-660 size-full\" src=\"http:\/\/bergkumpels.de\/wp-content\/uploads\/2014\/10\/huetten_wertung3.png\" alt=\"huetten_wertung3\" width=\"200\" height=\"55\" \/><\/p>\n<hr \/>\n<p style=\"text-align: center;\"><span style=\"font-size: 200%;\"><a href=\"http:\/\/bergkumpels.de\/wp-content\/uploads\/2014\/10\/huetten_grutenhuette.png\"><img loading=\"lazy\" class=\"alignnone wp-image-734 size-medium\" src=\"http:\/\/bergkumpels.de\/wp-content\/uploads\/2014\/10\/huetten_grutenhuette-233x300.png\" alt=\"\" width=\"233\" height=\"300\" srcset=\"https:\/\/bergkumpels.de\/wp-content\/uploads\/2014\/10\/huetten_grutenhuette-233x300.png 233w, https:\/\/bergkumpels.de\/wp-content\/uploads\/2014\/10\/huetten_grutenhuette.png 350w\" sizes=\"(max-width: 233px) 100vw, 233px\" \/><\/a><\/span><\/p>\n<p><span style=\"font-size: 200%;\">Gruttenh\u00fctte<\/span> (1.620m)<br \/>\n27.08.2012<\/p>\n<p>Dieser H\u00fctte war eindeutig eine teuere Falle f\u00fcr Tagestouristen \u2013 Kaffee 4\u20ac, Kuchen \u20ac \u2013 und der H\u00fcttenwirt sah die \u00dcbernachtungsg\u00e4ste nur als l\u00e4stiges Beigut an. Empfang in der H\u00fctte unfreundlich, Bedienung unfreundlich und unf\u00e4hig 5 Skiwasser a 5\u20ac richtig zusammenzurechnen, dann noch stinkig wenn daraufhin korrigiert.<\/p>\n<p>Alle \u00dcbernachtungsg\u00e4ste w\u00fcrden in 1 Matrazenlagen &#8211; von 5 verf\u00fcgbare &#8211; gesteckt um nicht so viel putzen zu mussen. Resultat: eine unruhige Nacht\u2026<\/p>\n<p>Als H\u00f6hepunkt war das Essen im Rucksack von Maximilian von M\u00e4use angefressen und bekamen Max und Maximilian rote Flecken von die Bisse von Bettwanzen\u2026<\/p>\n<p style=\"text-align: right;\">Unsere Bewertung: <strong>Unter aller Sau!<\/strong> <img loading=\"lazy\" class=\"alignnone wp-image-697 size-full\" src=\"http:\/\/bergkumpels.de\/wp-content\/uploads\/2014\/10\/huetten_wertung0.png\" alt=\"\" width=\"200\" height=\"55\" \/><\/p>\n<hr \/>\n<p style=\"text-align: center;\"><span style=\"font-size: 200%;\"><a href=\"http:\/\/bergkumpels.de\/wp-content\/uploads\/2014\/10\/huetten_anton-karg-haus1.png\"><img loading=\"lazy\" class=\"alignnone wp-image-739 size-medium\" src=\"http:\/\/bergkumpels.de\/wp-content\/uploads\/2014\/10\/huetten_anton-karg-haus1-233x300.png\" alt=\"\" width=\"233\" height=\"300\" srcset=\"https:\/\/bergkumpels.de\/wp-content\/uploads\/2014\/10\/huetten_anton-karg-haus1-233x300.png 233w, https:\/\/bergkumpels.de\/wp-content\/uploads\/2014\/10\/huetten_anton-karg-haus1.png 350w\" sizes=\"(max-width: 233px) 100vw, 233px\" \/><\/a><\/span><\/p>\n<p><span style=\"font-size: 200%;\">Anton-Karg-Haus<\/span> (829m)<br \/>\n<span style=\"font-size: 150%;\">\u2013 Hinterb\u00e4renbad \u2013<\/span><br \/>\n28.08.2012<\/p>\n<p style=\"text-align: right;\"><a href=\"http:\/\/bergkumpels.de\/wp-content\/uploads\/2014\/10\/huetten_wertung5.png\"><img loading=\"lazy\" class=\"alignnone wp-image-661 size-full\" src=\"http:\/\/bergkumpels.de\/wp-content\/uploads\/2014\/10\/huetten_wertung5.png\" alt=\"\" width=\"200\" height=\"55\" \/><\/a><\/p>\n<hr \/>\n<p style=\"text-align: center;\"><span style=\"font-size: 200%;\"><a href=\"http:\/\/bergkumpels.de\/wp-content\/uploads\/2014\/10\/huetten_kaindlhu\u0308tte.png\"><img loading=\"lazy\" class=\"alignnone wp-image-742 size-medium\" src=\"http:\/\/bergkumpels.de\/wp-content\/uploads\/2014\/10\/huetten_kaindlhu\u0308tte-233x300.png\" alt=\"\" width=\"233\" height=\"300\" srcset=\"https:\/\/bergkumpels.de\/wp-content\/uploads\/2014\/10\/huetten_kaindlhu\u0308tte-233x300.png 233w, https:\/\/bergkumpels.de\/wp-content\/uploads\/2014\/10\/huetten_kaindlhu\u0308tte.png 350w\" sizes=\"(max-width: 233px) 100vw, 233px\" \/><\/a><\/span><\/p>\n<p><span style=\"font-size: 200%;\">Kaindlh\u00fctte<\/span> (1.293m)<br \/>\n29.08.2012<\/p>\n<p style=\"text-align: right;\"><img loading=\"lazy\" class=\"alignnone wp-image-660 size-full\" src=\"http:\/\/bergkumpels.de\/wp-content\/uploads\/2014\/10\/huetten_wertung3.png\" alt=\"huetten_wertung3\" width=\"200\" height=\"55\" \/><\/p>\n<hr \/>\n","protected":false},"excerpt":{"rendered":"<p>Vorderkaiserfeldenh\u00fctte (1.384m) 25.08.2012 Wir erreichten die H\u00fctte als die erste Tropfen runterkamen. Wir w\u00fcrden im Matratzenlage unter dem Dach gef\u00fchrt. Stehh\u00f6he 1,40m. Nette bedienung &#8211; ausnahmslos aus Tschechien &#8211; weischdu? Einrichtung der H\u00fctte liebevoll, das Essen lecker\u2026 Stripsenjochhaus (1.577m) 26.08.2012 &hellip; <a href=\"https:\/\/bergkumpels.de\/?page_id=696\">Weiterlesen <span class=\"meta-nav\">&rarr;<\/span><\/a><\/p>\n","protected":false},"author":1,"featured_media":0,"parent":650,"menu_order":5,"comment_status":"open","ping_status":"open","template":"","meta":[],"_links":{"self":[{"href":"https:\/\/bergkumpels.de\/index.php?rest_route=\/wp\/v2\/pages\/696"}],"collection":[{"href":"https:\/\/bergkumpels.de\/index.php?rest_route=\/wp\/v2\/pages"}],"about":[{"href":"https:\/\/bergkumpels.de\/index.php?rest_route=\/wp\/v2\/types\/page"}],"author":[{"embeddable":true,"href":"https:\/\/bergkumpels.de\/index.php?rest_route=\/wp\/v2\/users\/1"}],"replies":[{"embeddable":true,"href":"https:\/\/bergkumpels.de\/index.php?rest_route=%2Fwp%2Fv2%2Fcomments&post=696"}],"version-history":[{"count":7,"href":"https:\/\/bergkumpels.de\/index.php?rest_route=\/wp\/v2\/pages\/696\/revisions"}],"predecessor-version":[{"id":743,"href":"https:\/\/bergkumpels.de\/index.php?rest_route=\/wp\/v2\/pages\/696\/revisions\/743"}],"up":[{"embeddable":true,"href":"https:\/\/bergkumpels.de\/index.php?rest_route=\/wp\/v2\/pages\/650"}],"wp:attachment":[{"href":"https:\/\/bergkumpels.de\/index.php?rest_route=%2Fwp%2Fv2%2Fmedia&parent=696"}],"curies":[{"name":"wp","href":"https:\/\/api.w.org\/{rel}","templated":true}]}}